1, 89
List the prime factors of 704251.
704251
What are the prime factors of 3700366?
2, 809, 2287
List the prime factors of 1643210.
2, 5, 164321
List the prime factors of 707672.
2, 7, 12637
What are the prime factors of 962989?
233, 4133
What are the prime factors of 14436139?
14436139
What are the prime factors of 20119?
11, 31, 59
What are the prime factors of 14764863?
3, 79, 62299
List the prime factors of 2248450.
2, 5, 193, 233
What are the prime factors of 232668?
2, 3, 23, 281
What are the prime factors of 2552921?
7, 251, 1453
List the prime factors of 4219264.
2, 7, 17, 277
List the prime factors of 55363.
7, 11, 719
What are the prime factors of 1341657?
3, 17, 37, 79
What are the prime factors of 18183825?
3, 5, 11, 31, 79
List the prime factors of 7805767.
7805767
List the prime factors of 5245688.
2, 7, 283, 331
List the prime factors of 657286.
2, 7, 19, 353
List the prime factors of 114669.
3, 31, 137
What are the prime factors of 555408?
2, 3, 7, 19, 29
What are the prime factors of 236651?
89, 2659
List the prime factors of 724255.
5, 7, 20693
What are the prime factors of 181899?
3, 6737
List the prime factors of 22235847.
3, 17, 435997
List the prime factors of 228210.
2, 3, 5, 7607
What are the prime factors of 4391613?
3, 83, 5879
What are the prime factors of 4331039?
17, 107, 2381
What are the prime factors of 783961?
41, 19121
List the prime factors of 8837994.
2, 3, 11, 17, 7877
List the prime factors of 2553793.
11, 179, 1297
What are the prime factors of 421946?
2, 7, 30139
What are the prime factors of 10691396?
2, 83, 32203
What are the prime factors of 710734?
2, 47, 7561
What are the prime factors of 629852?
2, 53, 2971
What are the prime factors of 3549366?
2, 3, 65729
List the prime factors of 966933.
3, 11, 9767
List the prime factors of 3708912.
2, 3, 77269
List the prime factors of 12333185.
5, 19, 197, 659
What are the prime factors of 2185566?
2, 3, 563, 647
List the prime factors of 2596157.
31, 83, 1009
List the prime factors of 6164605.
5, 157, 7853
List the prime factors of 1658916.
2, 3, 7, 29, 227
What are the prime factors of 30940035?
3, 5, 7, 41, 7187
What are the prime factors of 298705?
5, 11, 5431
What are the prime factors of 1562965?
5, 23, 13591
List the prime factors of 30522760.
2, 5, 73, 10453
What are the prime factors of 441116?
2, 13, 17, 499
What are the prime factors of 374637?
3, 47, 2657
What are the prime factors of 4753?
7, 97
List the prime factors of 2108026.
2, 1054013
What are the prime factors of 605114?
2, 29, 10433
What are the prime factors of 11905032?
2, 3, 17, 29179
List the prime factors of 8609150.
2, 5, 11, 1423
What are the prime factors of 7567591?
7567591
What are the prime factors of 3663239?
31, 118169
List the prime factors of 11040403.
11, 91243
What are the prime factors of 43465?
5, 8693
What are the prime factors of 1080521?
13, 83117
What are the prime factors of 483768?
2, 3, 6719
What are the prime factors of 123554?
2, 163, 379
What are the prime factors of 220730?
2, 5, 22073
List the prime factors of 228765.
3, 5, 101, 151
What are the prime factors of 253261?
463, 547
List the prime factors of 505886.
2, 17, 14879
What are the prime factors of 25997753?
433, 60041
What are the prime factors of 383423?
457, 839
List the prime factors of 894813.
3, 71, 4201
What are the prime factors of 77368?
2, 19, 509
What are the prime factors of 1149930?
2, 3, 5, 4259
What are the prime factors of 1042342?
2, 7, 74453
What are the prime factors of 1779760?
2, 5, 22247
List the prime factors of 10110994.
2, 61, 179, 463
List the prime factors of 13669078.
2, 31, 220469
List the prime factors of 2133385.
5, 29, 14713
List the prime factors of 1768780.
2, 5, 13, 6803
List the prime factors of 431445.
3, 5, 7, 587
What are the prime factors of 136462?
2, 31, 71
What are the prime factors of 1017915?
3, 5, 79, 859
List the prime factors of 673198.
2, 336599
What are the prime factors of 2013105?
3, 5, 134207
What are the prime factors of 14024220?
2, 3, 5, 7, 33391
What are the prime factors of 483483?
3, 7, 11, 13, 23
List the prime factors of 1475192.
2, 17, 10847
What are the prime factors of 108087?
3, 7, 5147
List the prime factors of 73481.
197, 373
What are the prime factors of 1492570?
2, 5, 149257
List the prime factors of 821711.
11, 6791
List the prime factors of 716564.
2, 359, 499
List the prime factors of 11685498.
2, 3, 11, 101, 1753
List the prime factors of 12011489.
7, 1715927
List the prime factors of 272117.
41, 6637
What are the prime factors of 126416?
2, 7901
List the prime factors of 1667054.
2, 17, 49031
What are the prime factors of 15143919?
3, 7, 721139
What are the prime factors of 123529?
7, 2521
What are the prime factors of 2142170?
2, 5, 17, 12601
What are the prime factors of 14971?
11, 1361
List the prime factors of 13010114.
2, 13, 500389
What are the prime factors of 2180805?
3, 5, 11, 13217
What are the prime factors of 148672?
2, 23, 101
List the prime factors of 1099092.
2, 3, 91591
What are the prime factors of 130279?
130279
List the prime factors of 213898.
2, 106949
What are the prime factors of 226797?
3, 17, 4447
List the prime factors of 1606378.
2, 803189
What are the prime factors of 2040965?
5, 79, 5167
What are the prime factors of 4559192?
2, 11, 103, 503
List the prime factors of 166554.
2, 3, 19, 487
List the prime factors of 318876.
2, 3, 26573
List the prime factors of 1186927.
7, 24223
List the prime factors of 17850814.
2, 8925407
List the prime factors of 1751477.
7, 13, 19, 1013
List the prime factors of 130221.
3, 7, 13, 53
What are the prime factors of 30937538?
2, 281, 55049
What are the prime factors of 7413653?
13, 37, 15413
What are the prime factors of 3043865?
5, 11, 55343
What are the prime factors of 320387?
320387
What are the prime factors of 517125?
3, 5, 7, 197
List the prime factors of 10706197.
139, 77023
What are the prime factors of 412791?
3, 137597
List the prime factors of 7597209.
3, 2532403
List the prime factors of 605447.
41, 14767
What are the prime factors of 116220?
2, 3, 5, 13, 149
List the prime factors of 200765.
5, 40153
What are the prime factors of 6936420?
2, 3, 5, 193, 599
List the prime factors of 6951093.
3, 19, 121949
What are the prime factors of 103064?
2, 13, 991
List the prime factors of 1111988.
2, 103, 2699
What are the prime factors of 5660172?
2, 3, 7, 7487
What are the prime factors of 6869863?
7, 11, 13, 6863
What are the prime factors of 2470370?
2, 5, 7, 35291
List the prime factors of 1299696.
2, 3, 27077
What are the prime factors of 817509?
3, 7, 11, 3539
List the prime factors of 6084989.
257, 23677
List the prime factors of 385167.
3, 128389
List the prime factors of 452575.
5, 43, 421
What are the prime factors of 7665369?
3, 2555123
List the prime factors of 5803439.
5803439
What are the prime factors of 854984?
2, 13, 8221
What are the prime factors of 24260486?
2, 193, 62851
What are the prime factors of 1261511?
223, 5657
What are the prime factors of 10454060?
2, 5, 522703
What are the prime factors of 270490?
2, 5, 11, 2459
List the prime factors of 5131425.
3, 5, 13, 19, 277
List the prime factors of 738472.
2, 7, 13187
What are the prime factors of 17871788?
2, 11, 406177
List the prime factors of 1280984.
2, 17, 9419
What are the prime factors of 3777176?
2, 13, 36319
What are the prime factors of 382546?
2, 19, 10067
List the prime factors of 1188630.
2, 3, 5, 47, 281
What are the prime factors of 300609?
3, 127, 263
List the prime factors of 3728761.
1931
What are the prime factors of 1367698?
2, 29, 23581
List the prime factors of 7278062.
2, 11, 330821
What are the prime factors of 476186?
2, 238093
List the prime factors of 18207208.
2, 1069, 2129
What are the prime factors of 1257858?
2, 3, 7, 67, 149
List the prime factors of 1223807.
13, 23, 4093
What are the prime factors of 391679?
391679
What are the prime factors of 1431037?
23, 62219
What are the prime factors of 2286318?
2, 3, 83, 4591
List the prime factors of 4805990.
2, 5, 7, 71, 967
What are the prime factors of 35933543?
35933543
What are the prime factors of 178476?
2, 3, 107, 139
List the prime factors of 207502.
2, 17, 359
What are the prime factors of 850922?
2, 